{"id":632,"date":"2022-03-25T10:26:31","date_gmt":"2022-03-25T10:26:31","guid":{"rendered":"https:\/\/travel-plus.al\/?post_type=product&#038;p=632"},"modified":"2022-11-01T12:38:29","modified_gmt":"2022-11-01T12:38:29","slug":"tur-ne-dubai-dhe-abu-dhabi-plazh-ne-maldive","status":"publish","type":"product","link":"https:\/\/travel-plus.al\/index.php\/tours\/tur-ne-dubai-dhe-abu-dhabi-plazh-ne-maldive\/","title":{"rendered":"FESTAT E NENTORIT N\u00cb DUBAI DHE ABU DHABI &#8211; PLAZH N\u00cb MALDIVE"},"content":{"rendered":"<table class=\"table table-bordered tours-tabs__table\" style=\"width: 117.271%; height: 362px;\" width=\"862\">\n<tbody>\n<tr style=\"height: 24px;\">\n<td style=\"height: 24px; width: 21.5935%;\"><strong>Nisja<\/strong><\/td>\n<td style=\"height: 24px; width: 77.4827%;\">\u00a0Tirane<\/td>\n<\/tr>\n<tr style=\"height: 24px;\">\n<td style=\"height: 24px; width: 21.5935%;\"><strong>Data e Nisjes<\/strong><\/td>\n<td style=\"height: 24px; width: 77.4827%;\">23 Nentor<\/td>\n<\/tr>\n<tr style=\"height: 24px;\">\n<td style=\"height: 24px; width: 21.5935%;\"><strong>Dite qendrimi<\/strong><\/td>\n<td style=\"height: 24px; width: 77.4827%;\">8 Dite<\/td>\n<\/tr>\n<tr style=\"height: 24px;\">\n<td style=\"height: 24px; width: 21.5935%;\"><strong>\u00c7mimi<\/strong><\/td>\n<td style=\"height: 24px; width: 77.4827%;\">\u00a01699 \u20ac<\/td>\n<\/tr>\n<tr style=\"height: 160px;\">\n<td style=\"height: 160px; width: 21.5935%;\"><strong>P\u00cbRFSHIHEN<\/strong><\/td>\n<td style=\"height: 160px; width: 77.4827%;\">\u2022 Bileta e Avionit Vajtje \u2013 Ardhje.<br \/>\n\u2022 Transfertat nga Aeroporti n\u00eb Hotel n\u00eb Dubai dhe n\u00eb Maldive dhe anasjelltas<br \/>\n\u2022 Akomodimi n\u00eb Hotel n\u00eb Dubai me M\u00ebngjeset n\u00eb Hotel.<br \/>\n\u2022 Akomodimi n\u00eb Hotel n\u00eb Maldive (Malahini Maldive 4*) me All Inclusive n\u00eb Hotel.<br \/>\n\u2022 Sh\u00ebtitjet me Autobus sipas Programit.<br \/>\n\u2022 Shoq\u00ebrues n\u00eb shqip n\u00eb Dubai.<br \/>\n\u2022 Guida vendase n\u00eb disa Sh\u00ebtitje.<br \/>\nSh\u00ebnim: N\u00eb cmim nuk p\u00ebrfshihet tarifa e viz\u00ebs s\u00eb hyrjes n\u00eb Dubai prej 89 Euro dhe t\u00eb gjitha sh\u00ebrbimet Opsionale.<\/td>\n<\/tr>\n<tr style=\"height: 106px;\">\n<td style=\"height: 106px; width: 21.5935%;\"><b>NUK P\u00cbRFSHIHEN<\/b><\/td>\n<td style=\"height: 106px; width: 77.4827%;\">\n<table class=\"table table-bordered\" width=\"575\">\n<tbody>\n<tr>\n<td><i class=\"fa fa-times icon-tick icon-tick--off\"><\/i> N\u00eb cmim nuk p\u00ebrfshihet tarifa e viz\u00ebs s\u00eb hyrjes n\u00eb Dubai prej 79 Euro dhe t\u00eb gjitha sh\u00ebrbimet Opsionale.\n<p>&nbsp;<\/p><\/td>\n<\/tr>\n<\/tbody>\n<\/table>\n<\/td>\n<\/tr>\n<\/tbody>\n<\/table>\n<p>&nbsp;<\/p>\n","protected":false},"excerpt":{"rendered":"<p>Nisja \u00a0Tirane Data e Nisjes 23 Nentor Dite qendrimi 8 Dite \u00c7mimi \u00a01699 \u20ac P\u00cbRFSHIHEN \u2022 Bileta e Avionit Vajtje \u2013 Ardhje. \u2022 Transfertat nga Aeroporti n\u00eb Hotel n\u00eb Dubai dhe n\u00eb Maldive dhe anasjelltas \u2022 Akomodimi n\u00eb Hotel n\u00eb Dubai me M\u00ebngjeset n\u00eb Hotel. \u2022 Akomodimi n\u00eb Hotel n\u00eb Maldive (Malahini Maldive 4*) me<\/p>\n<div class=\"padding-top text-center\"><a href=\"https:\/\/travel-plus.al\/index.php\/tours\/tur-ne-dubai-dhe-abu-dhabi-plazh-ne-maldive\/\" class=\"atbtn atbtn--medium atbtn--rounded atbtn--transparent\">Read more<i class=\"atbtn__icon atbtn__icon--right fa fa-long-arrow-right\"><\/i><\/a><\/div>\n","protected":false},"featured_media":634,"template":"","meta":[],"product_brand":[],"product_cat":[15],"product_tag":[],"class_list":{"0":"post-632","1":"product","2":"type-product","3":"status-publish","4":"has-post-thumbnail","6":"product_cat-uncategorized","7":"tour_category-all-inclusive","8":"tour_category-dubai","9":"tour_category-maldive","10":"tour_category-paketa-kulturore","11":"tour_category-udhetim","13":"first","14":"instock","15":"shipping-taxable","16":"purchasable","17":"product-type-tour"},"_links":{"self":[{"href":"https:\/\/travel-plus.al\/index.php\/wp-json\/wp\/v2\/product\/632","targetHints":{"allow":["GET"]}}],"collection":[{"href":"https:\/\/travel-plus.al\/index.php\/wp-json\/wp\/v2\/product"}],"about":[{"href":"https:\/\/travel-plus.al\/index.php\/wp-json\/wp\/v2\/types\/product"}],"wp:featuredmedia":[{"embeddable":true,"href":"https:\/\/travel-plus.al\/index.php\/wp-json\/wp\/v2\/media\/634"}],"wp:attachment":[{"href":"https:\/\/travel-plus.al\/index.php\/wp-json\/wp\/v2\/media?parent=632"}],"wp:term":[{"taxonomy":"product_brand","embeddable":true,"href":"https:\/\/travel-plus.al\/index.php\/wp-json\/wp\/v2\/product_brand?post=632"},{"taxonomy":"product_cat","embeddable":true,"href":"https:\/\/travel-plus.al\/index.php\/wp-json\/wp\/v2\/product_cat?post=632"},{"taxonomy":"product_tag","embeddable":true,"href":"https:\/\/travel-plus.al\/index.php\/wp-json\/wp\/v2\/product_tag?post=632"}],"curies":[{"name":"wp","href":"https:\/\/api.w.org\/{rel}","templated":true}]}}